{"id":109,"date":"2026-04-13T09:07:33","date_gmt":"2026-04-13T09:07:33","guid":{"rendered":"http:\/\/uplineleather.com\/?page_id=109"},"modified":"2026-04-14T04:27:50","modified_gmt":"2026-04-14T04:27:50","slug":"iletisim","status":"publish","type":"page","link":"http:\/\/uplineleather.com\/index.php\/iletisim\/","title":{"rendered":""},"content":{"rendered":"<p>Tel: 0212 803 99 64<\/p>\n<p>Gsm: 0505 681 02 85<\/p>\n<p>E-mail: info@uplineleather.com<\/p>\n<p>Adres: Bah\u00e7e\u015fehir 1. K\u0131s\u0131m Mah. Vali Recep Yaz\u0131c\u0131o\u011flu Cad.<\/p>\n<p>No:50\/E Vaditepe G\u00f6l Evleri Sitesi A1 Blok No:124<\/p>\n<p>Ba\u015fak\u015fehir \/ \u0130STANBUL<\/p>\n<p><iframe src=\"https:\/\/www.google.com\/maps\/embed?pb=!1m14!1m8!1m3!1d5506.50209927632!2d28.6900423!3d41.0729474!3m2!1i1024!2i768!4f13.1!3m3!1m2!1s0x14caa7712b7909d3%3A0xdf7303ec348e54af!2sG%C3%B6levleri%20sitesi!5e1!3m2!1sen!2str!4v1776106652818!5m2!1sen!2str\" width=\"600\" height=\"450\" style=\"border:0;\" allowfullscreen=\"\" loading=\"lazy\" referrerpolicy=\"no-referrer-when-downgrade\"><\/iframe><\/p>\n","protected":false},"excerpt":{"rendered":"<p>Tel: 0212 803 99 64 Gsm: 0505 681 02 85 E-mail: info@uplineleather.com Adres: Bah\u00e7e\u015fehir 1. K\u0131s\u0131m Mah. Vali Recep Yaz\u0131c\u0131o\u011flu Cad. No:50\/E Vaditepe G\u00f6l Evleri Sitesi A1 Blok No:124 Ba\u015fak\u015fehir \/ \u0130STANBUL<\/p>\n","protected":false},"author":1,"featured_media":0,"parent":0,"menu_order":0,"comment_status":"closed","ping_status":"closed","template":"","meta":{"footnotes":""},"class_list":["post-109","page","type-page","status-publish","hentry"],"_links":{"self":[{"href":"http:\/\/uplineleather.com\/index.php\/wp-json\/wp\/v2\/pages\/109","targetHints":{"allow":["GET"]}}],"collection":[{"href":"http:\/\/uplineleather.com\/index.php\/wp-json\/wp\/v2\/pages"}],"about":[{"href":"http:\/\/uplineleather.com\/index.php\/wp-json\/wp\/v2\/types\/page"}],"author":[{"embeddable":true,"href":"http:\/\/uplineleather.com\/index.php\/wp-json\/wp\/v2\/users\/1"}],"replies":[{"embeddable":true,"href":"http:\/\/uplineleather.com\/index.php\/wp-json\/wp\/v2\/comments?post=109"}],"version-history":[{"count":14,"href":"http:\/\/uplineleather.com\/index.php\/wp-json\/wp\/v2\/pages\/109\/revisions"}],"predecessor-version":[{"id":183,"href":"http:\/\/uplineleather.com\/index.php\/wp-json\/wp\/v2\/pages\/109\/revisions\/183"}],"wp:attachment":[{"href":"http:\/\/uplineleather.com\/index.php\/wp-json\/wp\/v2\/media?parent=109"}],"curies":[{"name":"wp","href":"https:\/\/api.w.org\/{rel}","templated":true}]}}